- -36. Let l(i) = -i + 2. Let s be l(-1). Let r(x) = -2*x - 2*x + 5*x + 2 - s*x. Calculate r(v).
-10
Let z(i) = -i**2 + 10*i - 7. Let w(d) = d**3 + 8*d**2 + 1. Let p be w(-8). Let l be ((-20)/(-6))/((-12)/18). Let c be (4 - 2) + 1 - l/p. Determine z(c).
9
Suppose -3*i = -0 + 3. Let p(a) = -a + 1. Let t be (1 - (-4 + 3)) + 6 + (-2 - 5). Let c(o) = -13*o. Let q(x) = i*c(x) + t*p(x). Calculate q(-1).
-11
Suppose 5*g - 3*p - 29 - 4 = 0, 4*g = -4*p + 20. Let u(z) = z**3 - 5*z**2 - 10*z + 2. Let a(t) = -t + 1. Let k(y) = 4*a(y) - u(y). Calculate k(g).
2
Let q = 467 - 474. Let s be (5 - -1) + q + 4. Let z(v) = -v**2 + 4*v - 1. Give z(s).
2
Let m(z) = -21*z - 167. Suppose 54*w + 26 = -5*l + 52*w, 0 = 2*l + 5*w - 19. Determine m(l).
1
Let k be -3 - -6 - 3/1. Let d(r) = -21*r - 124. Let q be d(-6). Suppose q*s - 4*w = 3*s + 10, k = s - w. Let o(h) = -3*h**2 - 2*h - 3. Determine o(s).
-11
Let z(s) be the second derivative of 0 + 0*s**5 + 13*s - 7/3*s**3 + 1/90*s**6 - 1/24*s**4 + 0*s**2. Let x(c) be the second derivative of z(c). Calculate x(2).
15
Let w = -5 + -4. Let z(i) = 2*i**2 - 3*i - 8. Suppose -39 = t - 14*t. Let f(s) = s**2 + 2*s - 1. Let o(y) = t*f(y) - z(y). Determine o(w).
5
Let o(l) = 7*l - 17. Let m be o(6). Let d = -21 + m. Let k(w) be the third derivative of -7*w**4/24 + w**3 + 106*w**2. What is k(d)?
-22
Suppose 0 = -5*c - o + 36, -5*c - 413 = -3*o - 425. Let x(r) = r**2 - 3*r - 17. Calculate x(c).
1
Let g = 25108 - 25078. Let z(p) be the second derivative of 0 - 1/2*p**2 - 1/6*p**3 + g*p. What is z(2)?
-3
Let k(g) = -g + 13 - 21 + 0*g. Let r(m) = -m**2 + 22*m - 29. Let q be r(14). Let a = 89 - q. Calculate k(a).
-14
Let q(w) = -w**2 + w - 1. Let j(n) = -12*n**2 + 6*n - 3. Let o(b) = -j(b) + 5*q(b). Let u(i) = -i**3 - 144*i**2 + 281*i - 1604. Let f be u(-146). What is o(f)?
24
Let g(i) = -26*i - 180. Let l be g(-7). Let x(v) = -54*v + 50*v - 10*v**2 + 11*v**l. Let m = 11 - 8. What is x(m)?
-3
Let p(l) be the first derivative of l**4/4 - 20*l**3/3 + 9*l**2 + 27*l - 8. Let f be p(19). Let x(n) = -4 - 4*n - 3*n**2 + 2 + 9*n**3 - f*n**3. Determine x(4).
-2
Let o(n) = 14*n**3 - 22*n**2 - 8*n - 45. Let p(f) = 22*f**3 - 33*f**2 - 12*f - 70. Let c(b) = -8*o(b) + 5*p(b). Calculate c(6).
-2
Let p(v) = -2*v**2 + 13*v - 18. Let s(j) = 2*j**2 - 76*j + 150. Let l be s(2). Calculate p(l).
-12
Suppose 216 = 5*s - 334. Suppose 0 = 7513*h - 7528*h - 1635. Let i = h + s. Let j(x) = 18*x**2. Give j(i).
18
Let z(u) = -2*u**2 + 22*u + 59. Suppose 4*r - 5*a = 52, 60*r + 5*a - 52 = 56*r. What is z(r)?
7
Let c(r) = -57 + 132*r**2 - 133*r**2 - 4 + r**3 - 4*r + 13. Give c(0).
-48
Let b(c) be the third derivative of c**5/60 + 25*c**4/24 + 58*c**3/3 + 45*c**2 + 6*c + 1. Give b(-8).
-20
Let a = 444 - 442. Let p(l) = -85*l - 4*l**2 + a*l**2 + l**3 - 2 + 43*l + 6*l**2 + 43*l. What is p(-4)?
-6
Suppose -2*q + 3*q - 29 = -3*t, q - 2 = 0. Let h(z) = -z - 2 - 2 + t + 3*z. Let b be h(-5). Let p(a) = a**3 + 5*a**2 - a - 6. Calculate p(b).
-1
Let a = -75 - -77. Let q be a/(-2)*(-17 - 6). Let x(j) = q*j**2 - 12*j**2 + j**3 - 7*j**2 - 5*j**2 - j - 2. What is x(0)?
-2
Let z(n) = 4*n + 2. Let s(c) = 42*c + 8. Let b(h) = s(h) - 10*z(h). Give b(6).
0
Suppose 481*b + 39 = 484*b. Let w(s) = b*s - 12*s - 254 + 265. What is w(13)?
24
Let q(h) be the first derivative of -h**4/2 - 4*h**3/3 + 6*h**2 - 5*h - 1783. Calculate q(2).
-13
Let c = 6 - 3. Suppose 4*u + 11 = 4*q + u, 5*u = -q - c. Let s(l) = -l**2 + 35 - l - l**3 - 53 + 0*l**q. Give s(0).
-18
Let s(x) = -31*x**2 - 11. Let o(f) = 4*f**2 + 5. Let a(t) = 2*o(t) + s(t). What is a(1)?
-24
Let w(k) = 3*k**2 + 25*k + 4. Let j be (-55)/((-110)/(-36)) + 2 + 6. Give w(j).
54
Let f(i) = -i**2 - 17*i + 26*i + i**2 + 19 - i**2 - 21. Give f(-7).
-114
Let w be 2318/(-342) - (-4)/(-18). Let q(p) = -10*p - 34. Let i(a) = 3*a + 11. Let r(y) = -7*i(y) - 2*q(y). Calculate r(w).
-2
Let n(k) be the third derivative of k**5/60 - k**4/8 - 40*k**3/3 + 869*k**2. Calculate n(11).
8
Let h(b) = -1. Let t(y) = -4*y - 2. Let c(p) = p**3 + 4*p**2 + 2*p + 9. Let v be c(-4). Let f(o) = v*t(o) + h(o). What is f(-2)?
5
Let m(b) = 53 - 153 - 5*b + 4*b + 57 + 59. Calculate m(22).
-6
Let v(p) = -590*p + 35*p**3 - 36*p**3 - 16 - 6*p**2 - 594*p + 1182*p. Determine v(-6).
-4
Let m(q) be the third derivative of q**5/15 + q**4/24 - q**3/3 - 4*q**2. Let r be 3 - ((-12)/(-3) + -1). Suppose r = -p + 3*p + 4. Calculate m(p).
12
Let m(n) = -12*n - 3. Suppose 13766*j - 13770*j = 12. Calculate m(j).
33
Let x(s) = 6*s - 19. Let t = -2404 - -2394. Calculate x(t).
-79
Let g = 94 - 88. Let c(i) be the first derivative of i**3/3 - i**2/2 + 7*i - 7. Let x(t) be the first derivative of c(t). Give x(g).
11
Let i = -62 - -57. Let x(j) be the third derivative of j**7/5040 - j**6/720 - 3*j**5/20 - 3*j**2. Let w(r) be the third derivative of x(r). Give w(i).
-6
Let x = 15370 + -15381. Let o(q) = 2*q**3 + 23*q**2 + 10*q + 16. Determine o(x).
27
Suppose -12*c + 21*c = 270. Let y be (((-216)/c)/(-9))/((-2)/(-5)). Let k(u) = -1 + 3*u - 30*u**3 - 6*u**2 + y + 31*u**3. What is k(5)?
-9
Let w(c) be the third derivative of -c**6/120 + 2*c**5/15 - c**4/8 + 17*c**3/6 + 17*c**2. What is w(8)?
-7
Let g(h) = -31*h - 15. Let l(k) = -26*k - 14. Let d(c) = 5*g(c) - 6*l(c). Let q(y) = 12*y - 4. Let o be q(1). Determine d(o).
17
Let l(c) = 4*c + 5. Suppose -18*k + 22*k - 1696 = 0. Let z = k - 428. Determine l(z).
-11
Let z(g) = 6*g**3 + g**2 - g. Let i be z(1). Let p(f) = -15*f + 8. Let w = 121 + -117. Let k(o) = -18*o + 8. Let d(q) = w*k(q) - 5*p(q). Give d(i).
10
Let t(q) = 3*q**3 + 4*q + 1. Let x(m) = m**2 - 28*m - 27. Let s be x(-1). What is t(s)?
33
Let j = -166 + 168. Suppose 187 = -j*z + 19*z. Let g(d) = d**2 - 14*d + 8. Calculate g(z).
-25
Let j(b) be the second derivative of -b**4/12 - 3*b**3 + 12*b**2 + 1585*b. Give j(-20).
-16
Suppose 2*b + 2 = 2*m, 3*m = b - 2*b - 9. Let c = 4 + m. Let z(o) = -4*o**2 - 3 + 0*o**2 + 0*o**c + 3*o**2 - 9*o. What is z(-8)?
5
Let i(m) = -m**2 + 12*m - 13. Suppose -4299*t - 81 = -4308*t. Give i(t).
14
Let p(r) = -3*r**2 + 13*r - 19. Let k(u) = u**2 + 1. Let y = -225 + 224. Let c(g) = y*p(g) - 4*k(g). Calculate c(-14).
1
Let x be 0 + -2 - ((-36)/6 - -97). Let r = x + 88. Let u be r - 92/(-16) - (-1)/4. Let m(o) = o**2 - o + 1. Calculate m(u).
1
Let q(t) = 18*t**2 + 48*t + 20. Let i(g) = -29*g**2 - 73*g - 30. Let b(s) = -5*i(s) - 8*q(s). Suppose 4*v - 90 + 14 = 0. What is b(v)?
-10
Let f(p) = p + 17. Suppose 0 = -2*j - 6, -92*j + 93*j = -w - 11. Calculate f(w).
9
Let d(t) = 45*t - 5. Let x(m) = 70*m - 7. Let o(k) = 8*d(k) - 5*x(k). Calculate o(3).
25
Let h be ((-5)/4 + 5/20)*-5. Let f be 20/14 - 8/(-14). Suppose -h*y + f*y = -15. Let t(a) = -a**3 + 4*a**2 + 5*a - 3. What is t(y)?
-3
Let c(h) = h**3 - 4*h**2 - 8*h + 10. Let l be (-15)/((-60)/(-8)) - 1. Let a be 3 + (l/((-6)/10) - 3). Calculate c(a).
-5
Let k = 150602 - 150607. Let w(l) = l + 5 + 1 + 0*l. Calculate w(k).
1
Let l(k) = -k**2 - 64*k - 591. Suppose -3*s + 4*y = -27 + 198, 2*y = -s - 47. Determine l(s).
-8
Let p(r) = 2*r**2 + 3*r - 17. Let z = -54 + 50. Let y be p(z). Let s(m) = m**3 - 3*m**2 - m + 1. Give s(y).
-2
Let z(n) be the third derivative of n**5/30 - 5*n**4/24 + n**3/3 - 52*n**2 + n - 2. Suppose 3 = 3*t, -2*i = 5*t - 0*t - 9. Determine z(i).
0
Let r(n) = -38*n - 26. Let h be r(19). Let i = h + 754. Let y(g) = -g + 1. Let f(s) = -9*s + 14. Let c(b) = -f(b) + 6*y(b). Give c(i).
10
Let i(c) = c**2 + 5*c. Let t be i(-5). Let k(z) = 13*z + 80. Let v(d) = 7*d + 43. Let l(u) = -6*k(u) + 11*v(u). What is l(t)?
-7
Let t(k) = 2*k**2 - 7*k + 5. Suppose -4*v + 3*v + 2*c - 2 = 0, -2*v = 5*c + 22. Let r be ((-2)/v)/((-2)/(-24)). Let n be (-1)/r - (-34)/8. What is t(n)?
9
Let w be 14/4 - 2/4. Let f(s) = -s - 18*s**3 + 19*s**3 + w - 4. Suppose 37*l = 17*l + 25*l - 10. Determine f(l).
5
Let f(o) = o**3 + 7*o**2 + 2*o - 2. Suppose i + 3*l - 47 = -2*l, -2*i + 34 = -2*l. Suppose -w + 5*u = i, -2*w - 58*u = -55*u + 5. Calculate f(w).
-16
Let y = -25 + 26. Let i be (-2 - 6) + y + 1. Let g(a) = 62 - 118 + 50 - a. Determine g(i).
0
Let u(d) = d**3 - 9*d**2 - 9*d - 1. Let q(k) = -k**3 - 107*k**2 - 209*k + 115. Let t be q(-105). Determine u(t).
9
Let v(g) = -g**2 - 5*g + 29. Let h be v(0). Suppose n - 2*t - 6 = 0, 3*n - 39 +